 - -2) + -8)?
0
(-3 + 5 - 2) + 0
0
What is the value of -12 + (7 - 3 - -6 - 6)?
-8
What is the value of 6 + (-3 - -2 - 5) - -6?
6
-5 + (-2 + 10 - 4)
-1
What is the value of 45 + -50 + 3 + (2 - 0)?
0
Evaluate (-214 - -222) + (0 - 17).
-9
What is -12 - ((4 - 1) + -11)?
-4
What is -32 - -25 - (0 + -11)?
4
Calculate (1 - 0) + -4 + 2.
-1
What is (3 + 1 + -1 - 4) + 1?
0
7 + -1 + -6 + 2 + 2
4
Calculate (8 - 5) + 7 + -12.
-2
Calculate -4 - (2 + -5 - 0).
-1
What is -7 + 11 - 18 - -8?
-6
Evaluate (0 - 0) + 2 - (6 - 2).
-2
0 + 3 + -7 - -9
5
2 - 8 - (-8 - 1 - -4)
-1
Evaluate 5 - (4 + -1 + 0).
2
Evaluate 1 - (-1 + -3 + 7 - -1).
-3
Evaluate 4 + 5 + -2 + -2.
5
Calculate (-42 - -46) + 1 + -2.
3
Calculate 1 + (3 - 4) + 7.
7
-9 - (-3 + 2 - (-8 + 12))
-4
Evaluate 2 - (-1 + 2) - (3 + 2).
-4
What is 2 + (8 - 2) - 4?
4
Evaluate 4 - (3 - (-2 + -1)).
-2
14 + -10 + (2 + -2 - 0)
4
What is -5 - -9 - 4 - (-3 + -3)?
6
What is (-3 - 0) + (16 - (-5 - -16))?
2
(-3 - 3) + -10 + -3 + 8
-11
What is the value of -1 - (-2 + 4) - (-7 - -3)?
1
What is the value of 1 - ((2 - -2) + 0 - 4)?
1
What is the value of 0 - (-1 + (-3 - -6) + 4)?
-6
What is 4 - (-3 + 0 + 2) - 6?
-1
10 + (-3 - 2) - 4
1
What is the value of -5 - (0 + -4 + 2 - 0)?
-3
What is the value of 9 - ((6 - -7) + -7)?
3
What is the value of 2 - (-2 + 0) - 1 - 1?
2
Calculate 0 + 7 + 14 + -16.
5
What is the value of 0 + 5 + -9 + (1 - -1)?
-2
Calculate (-5 + -3 - (-2 + -1)) + 5.
0
Evaluate 0 + 3 - (14 - (6 + 0)).
-5
Calculate 1 + -5 + 2 - 2.
-4
What is the value of -6 + 1 + -3 + 4 + 3?
-1
What is 4 + -2 + 6 + -4 + 4?
8
Evaluate -3 + 1 + (-4 - (-4 - -1)).
-3
Evaluate (-2 - -4) + -8 + (0 - 0).
-6
What is the value of (2 - 2 - -1) + (-2 - 1)?
-2
What is the value of 6 - ((2 - -3) + 1)?
0
Evaluate -49 - -55 - (0 + 8).
-2
5 + (-2 - (4 + -4))
3
What is -2 - (-1 + 0) - (-42 + 39)?
2
What is 4 - 0 - 4 - -4?
4
Calculate -1 - 2 - (-10 + 9).
-2
What is the value of 5 - (2 + (4 - 3 - -1))?
1
Calculate -50 + 38 - (-10 + 2).
-4
Calculate -12 + 8 + (-7 - (0 + -5)).
-6
9 + 1 - (6 + -4)
8
(-2 + 3 + 3 - -3) + -6
1
6 - 2 - (-1 + (-1 - -2))
4
What is (4 - 7 - -5) + -4?
-2
What is the value of (0 - -12) + 25 + -32?
5
Calculate 4 - 0 - (1 + -5 - -1).
7
(4 - (4 - (1 - -1))) + -3
-1
What is the value of 8 + 4 + -11 + 3?
4
Evaluate -2 + 1 + 6 + -186 + 191.
10
What is the value of (15 - 12) + -2 + 3 + -9?
-5
What is (5 - 3) + -5 - -2?
-1
Evaluate (-17 - -18) + 0 + 1.
2
-1 + -3 + (15 - 7)
4
Calculate -8 - (6 - 0 - (10 + 0)).
-4
What is the value of 0 - -2 - -4 - (15 + -14)?
5
Evaluate 5 + (8 - 3) - (-4 + 12).
2
What is the value of 5 - (2 + 6 + 0)?
-3
Calculate (-5 - -1) + -9 + 12.
-1
Evaluate -2 + (-5 - -1) + 11.
5
Evaluate 4 - ((-12 - -10) + (12 - 1)).
-5
What is (-2 - -6 - 3) + (4 - 2)?
3
Calculate (1 - 1) + -1 + (17 - 18).
-2
Evaluate 2 + (4 - 4 - 0).
2
Calculate -1 + -3 + 3 + 5 + -3.
1
What is the value of (4 - 2) + 1 + -3?
0
Evaluate 3 + -1 - ((-6 - -13) + 0).
-5
Evaluate (-7 - -4 - 1 - -7) + -4.
-1
What is 2 + 2 + (1 - 5) - 3?
-3
What is the value of (-7 - (2 - 17)) + -15?
-7
Evaluate 2 - 0 - (-3 - -10).
-5
Calculate -5 + 8 + -8 + 6.
1
Calculate 1 + 10 + -40 + 33.
4
1 + -2 + -7 + 4 + 9
5
Evaluate -3 + -1 - (17 + -17).
-4
What is 6 + 2 - (5 + -1)?
4
10 + (4 + -4 - 7)
3
What is the value of 25 + -4 - 2 - 10?
9
Calculate -1 + 11 + -2 - (8 - 7).
7
(-4 - 0) + (-3 + 3 - 3)
-7
25 - (8 + 5) - 10
2
Evaluate 1 + 0 - 0 - 4.
-3
What is the value of 0 + -7 + (5 - 1) + 2?
-1
Evaluate (-10 + 5 - -9) + 0 + -1.
3
Evaluate -3 + 8 + -1 + 1.
5
What is the value of 1 + 0 - 4 - -8?
5
What is -3 - ((6 - 7) + (-1 - 3))?
2
Evaluate -4 + 2 - (0 + 1).
-3
-17 + (-6 - -15) + 5
-3
What is 0 - 1 - (14 - 19)?
4
What is the value of (-9 - (1 + -4)) + (-11 - -9)?
-8
Evaluate -3 + 0 + 4 + 1.
2
Evaluate 4 + 7 + -11 + 5.
5
What is 0 + 0 + -1 + (-39 - -40)?
0
Evaluate -7 + 9 - (-1 - -8).
-5
What is the value of -5 + (1 - (-2 - 7))?
5
What is the value of (-4 - 0 - -8) + -6?
-2
What is the value of -8 - -5 - (0 - -2)?
-5
Calculate 0 + -4 + 2 + 2.
0
Calculate 1 - ((4 - 2) + 3).
-4
What is 21 - 7 - 12 - 5?
-3
What is -6 - (-3 + 1) - -5?
1
What is the value of 12 + (0 + -5 - (-3 - -3))?
7
Calculate -9 + 1 - (35 - 42).
-1
What is the value of -23 - -25 - (8 - 2 - 2)?
-2
(3 - 0 - 5) + 2
0
Calculate 7 - -1 - (6 + -1).
3
16 + -1 + -7 + -2
6
What is the value of 0 - -6 - (-4 - -6) - 0?
4
What is 7 - 10 - (-12 + 2)?
7
(-9 - -9) + (0 + 2 - -2)
4
What is the value of -8 - (8 + (7 - 19))?
-4
-17 - (-11 - -4) - (-7 - -4)
-7
Calculate -29 + 35 - (0 - (-1 - 5)).
0
-5 + -2 + 3 + (2 - -1)
-1
-6 + -3 + 5 + 0 + 1
-3
Evaluate 2 + -2 + 2 + 1 + -7.
-4
Evaluate -6 - -4 - (2 + (0 - 0)).
-4
What is the value of 2 + -1 + (3 - 9) + 9?
4
Calculate -2 - 1 - (22 + -14) - -7.
-4
-2 - -1 - (1 - 1)
-1
What is the value of -4 - (-2 + (0 - -1) + 2)?
-5
Calculate 1 - 8 - -5 - (8 + -2).
-8
What is 15 + -17 + (1 - -2)?
1
What is the value of 1 + -2 + 3 - 4?
-2
Evaluate 1 - (3 + 11 + -1 + -6).
-6
What is the value of 4 - 13 - (-3 + -1 + 1)?
-6
Evaluate 3 + -1 - 1 - (79 + -79).
1
Evaluate 4 + -1 + 63 + -67.
-1
-31 + 28 - (-5 - -1)
1
What is 7 - (33 + -35 - (-4 - 0))?
5
What is 2 + (-7 - -2 - -1)?
-2
Calculate (-3 - (0 + -2)) + 6 - 2.
3
Evaluate (13 - 6 - 2) + -2 + 0.
3
Evaluate -1 + (-3 - -2) + 1.
-1
Calculate -3 - (4 - (2 + 9)).
4
Evaluate (4 - (1 - 0)) + (-4 - 1).
-2
Evaluate 46 - 52 - (-7 - -1).
0
Evaluate 2 + (-8 - -4) + 2.
0
Evaluate 1 + 2 + -3 + 5.
5
What is 4 - (13 + -9 + -10)?
10
What is 2 - ((-2 - -1) + -3 + 3)?
3
Calculate (-2 - 3) + 2 + -1 + 2.
-2
What is 8 + (-3 + -3 - 5)?
-3
What is 13 + (2 - -2) + -11?
6
What is -4 + (-2 + 16 - 6)?
4
Evaluate (-24 - -21) + 0 + 0.
-3
What is the value of (-13 + -4 + 7 - 4) + 6?
-8
6 + -4 - (-2 + -1)
5
Evaluate 44 + -39 + 0 + 1 + -3.
3
What is -3 + 5 + 1 + -15 + 13?
1
What is 6 - (2 - -6 - 1)?
-1
Calculate 4 - ((2 - 0) + (19 - 20)).
3
What is the value of 176 + -158 - (0 - -9)?
9
Calculate 6 + 5 + (1 - 17).
-5
Calculate -2 + -1 + (-4 - -12).
5
(-8 - -2) + 2 - -8
4
3 - 3 - (36 + -34)
-2
Calculate (1 - 7) + 11 + -29 + 19.
-5
What is the value of 2 + -6 + 4 + (-1 - 1)?
-2
What is (-4 - -1) + (9 - 9) + 5?
2
Calculate 21 - 12 - (-3 + 9 + -2).
5
What is (-12 - -4) + 8 - (-1 + -1)?
2
What is the value of (1 - -3) + (4 + 1 - 7)?
2
Calculate 1 - (1 + 2) - -1 - 0.
-1
1 - (-13 + 1) - 10
3
What is the value of 7 + -20 + -2 + (33 - 26)?
-8
What is (5 - 11 - -3) + -1?
-4
Calculate 13 + -4 + (-1 - -2) - 3.
7
Evaluate (4 - (5 - -9)) + 13.
3
What is the value of 0 + (-2 - 2 - -4) + -2?
-2
Calculate -25 + 19 + -1 + 4 + 8.
5
Evaluate -2 + (-3 - -1 - -4).
0
Evaluate -6 + (0 + -2 - (-5 + -1)).
-2
Evaluate 14 + -3 + 0 + -7.
4
What is 1 + (-4 - -1) + (-4 - -2)?
-4
Calculate 2 + 0 + -1 - -2.
3
0 - (6 - (-5 + 1 - -6))
-4
Calculate -8 + 13 + (1 - 0).
6
(-3 - -1) + 8 + -2 + -4
0
11 + (-16 - (-18 + 9))
4
Evaluate 2 + 1 - 3 - (-83 + 85).
-2
Calculate (7 - 2) + -15 + 10.
0
What is (19 - (6 + -8 - -8)) + -8?
5
What is (6 - -2) + -6 - 1?
1
What is the value of 4 - (0 + 2 + 6 + -7)?
3
What is 10 + (-15 - 3 - -4)?
-4
(4 + -6 - (0 - 1)) + -5
-6
What is (-6 - (-12 + 6)) + -1?
-1
What is 5 - (4 - -3) - 1?
-3
Calculate 3 + -2 - (7 + -1).
-5
Calculate -4 + (1 - ((1 - -2) + -2)).
-4
-1 + (-4 - (-1 - 4)) + 1
1
Evaluate 4 + 3 + 5 + -15.
-3
Calculate -1 - -2 - (-2 - 0).
3
What is the value of 1 + (1 - (0 + -4))?
6
What is the value of 5 + ((4 - 6) + 2 - 6)?
-1
Evaluate 6 + -18 + 7 + 2 + 3.
0
2 - ((-9 - (0 - 3)) + 3)
5
3 - (-1 - (2 - 0) - -1)
5
What is (2 - (0 + 0 + 17)) + 7?
-8
What is (6 - 6) + 5 - (3 - 0)?
2
What is the value of 33 + -36 + -1 + 1 + 3?
0
Evaluate 4 - (9 - (3 - (4 - 5))).
-1
Evaluate 4 + -1 - (2 - -5).
-4
What is the value of -3 + -6 - (-3 - 3)?
-3
Evaluate 7 + (8 - 18) - (-8 - -2).
3
What is 9 + (6 - (17 + -8)) + -4?
2
What is 11 - (-5 + (17 - (5 - 1)))?
3
What is 0 - (-2 + 2 + 2)?
-2
(-4 - -11) + 2 + (-4 - 0)
5
5 + -3 - 2 - 1
-1
What is 1 - (-1 + 1 + (2 - 1))?
0
(5 + 1 - (-20 - -22)) + -4
0
Calculate -5 + -11 + 2 + 3 + 4.
-7
What is 3 - (3 + (-11 - -5))?
6
What is 3 - (0 - (-5 + -4 + 3))?
-3
Calculate (-2 - 1) + 2 - 3.
-4
(-6 - (-5 + 4)) + 3
-2
Evaluate 3 + -4 + (-1 - (0 + -3)).
1
Evaluate (2 - -3) + (1 - 10).
-4
Evaluate (8 - 4) + -3 - (3 + 0).
-2
-3 + (-1 - (-6 + -2 + 10))
-6
Calculate 3 - ((-